{"id":213,"date":"2023-06-16T04:17:47","date_gmt":"2023-06-16T04:17:47","guid":{"rendered":"https:\/\/salmardyf.com\/?page_id=213"},"modified":"2024-10-12T16:59:01","modified_gmt":"2024-10-12T16:59:01","slug":"leer-mas","status":"publish","type":"page","link":"https:\/\/salmardyf.com\/index.php\/leer-mas\/","title":{"rendered":"LOS BENEFICIOS DEL USO DE LA UREA AUTOMOTRIZ"},"content":{"rendered":"<div data-colibri-id=\"213-c1\" class=\"style-411 style-local-213-c1 position-relative\">\n  <!---->\n  <div data-colibri-component=\"section\" data-colibri-id=\"213-c2\" id=\"overlappable\" class=\"h-section h-section-global-spacing d-flex align-items-lg-center align-items-md-center align-items-center style-412 style-local-213-c2 position-relative\">\n    <!---->\n    <!---->\n    <div class=\"h-section-grid-container h-section-boxed-container\">\n      <!---->\n      <div data-colibri-id=\"213-c3\" class=\"h-row-container gutters-row-lg-0 gutters-row-md-0 gutters-row-2 gutters-row-v-lg-0 gutters-row-v-md-0 gutters-row-v-2 style-413 style-local-213-c3 position-relative\">\n        <!---->\n        <div class=\"h-row justify-content-lg-center justify-content-md-center justify-content-center align-items-lg-stretch align-items-md-stretch align-items-stretch gutters-col-lg-0 gutters-col-md-0 gutters-col-2 gutters-col-v-lg-0 gutters-col-v-md-0 gutters-col-v-2\">\n          <!---->\n          <div class=\"h-column h-column-container d-flex h-col-lg-12 h-col-md-12 h-col-12 style-414-outer style-local-213-c4-outer\">\n            <div data-colibri-id=\"213-c4\" class=\"d-flex h-flex-basis h-column__inner h-px-lg-3 h-px-md-3 h-px-2 v-inner-lg-3 v-inner-md-3 v-inner-2 style-414 style-local-213-c4 position-relative\">\n              <!---->\n              <!---->\n              <div class=\"w-100 h-y-container h-column__content h-column__v-align flex-basis-100 align-self-lg-start align-self-md-start align-self-start\">\n                <!---->\n                <div data-colibri-id=\"213-c5\" class=\"h-global-transition-all h-heading style-497 style-local-213-c5 position-relative h-element\">\n                  <!---->\n                  <div class=\"h-heading__outer style-497 style-local-213-c5\">\n                    <!---->\n                    <!---->\n                    <h5 class=\"\">introduccion<\/h5>\n                  <\/div>\n                <\/div>\n                <div data-colibri-id=\"213-c6\" class=\"h-text h-text-component style-417 style-local-213-c6 position-relative h-element\">\n                  <!---->\n                  <!---->\n                  <div class=\"\">\n                    <p>En la b\u00fasqueda constante por reducir la huella ambiental de los veh\u00edculos di\u00e9sel, la urea automotriz ha surgido como una soluci\u00f3n innovadora y efectiva. Este compuesto qu\u00edmico, utilizado en los sistemas de reducci\u00f3n de emisiones, ofrece\n                      una serie de beneficios tanto para el medio ambiente como para el rendimiento del motor. En este art\u00edculo, exploraremos los aspectos positivos de la urea automotriz y su impacto en la conducci\u00f3n sostenible.<\/p>\n                  <\/div>\n                <\/div>\n              <\/div>\n            <\/div>\n          <\/div>\n          <div class=\"h-column h-column-container d-flex h-col-lg-12 h-col-md-12 h-col-12 style-414-outer style-local-213-c7-outer\">\n            <div data-colibri-id=\"213-c7\" class=\"d-flex h-flex-basis h-column__inner h-px-lg-3 h-px-md-3 h-px-2 v-inner-lg-3 v-inner-md-3 v-inner-2 style-414 style-local-213-c7 position-relative\">\n              <!---->\n              <!---->\n              <div class=\"w-100 h-y-container h-column__content h-column__v-align flex-basis-100 align-self-lg-start align-self-md-start align-self-start\">\n                <!---->\n                <div data-colibri-id=\"213-c8\" class=\"h-global-transition-all h-heading style-416 style-local-213-c8 position-relative h-element\">\n                  <!---->\n                  <div class=\"h-heading__outer style-416 style-local-213-c8\">\n                    <!---->\n                    <!---->\n                    <h5 class=\"\">Reducci\u00f3n de emisiones contaminantes:<\/h5>\n                  <\/div>\n                <\/div>\n                <div data-colibri-id=\"213-c9\" class=\"h-text h-text-component style-417 style-local-213-c9 position-relative h-element\">\n                  <!---->\n                  <!---->\n                  <div class=\"\">\n                    <p>La urea automotriz es una aliada clave en la reducci\u00f3n de emisiones de \u00f3xidos de nitr\u00f3geno (NOx) generadas por los veh\u00edculos di\u00e9sel. Al inyectar urea en el sistema de escape, se produce una reacci\u00f3n qu\u00edmica que convierte los NOx en\n                      nitr\u00f3geno y vapor de agua inofensivos para el medio ambiente. Esta tecnolog\u00eda, conocida como reducci\u00f3n catal\u00edtica selectiva (SCR), es altamente efectiva para cumplir con los est\u00e1ndares de emisiones m\u00e1s estrictos.<\/p>\n                  <\/div>\n                <\/div>\n              <\/div>\n            <\/div>\n          <\/div>\n          <div class=\"h-column h-column-container d-flex h-col-lg-12 h-col-md-12 h-col-12 style-414-outer style-local-213-c10-outer\">\n            <div data-colibri-id=\"213-c10\" class=\"d-flex h-flex-basis h-column__inner h-px-lg-3 h-px-md-3 h-px-2 v-inner-lg-3 v-inner-md-3 v-inner-2 style-414 style-local-213-c10 position-relative\">\n              <!---->\n              <!---->\n              <div class=\"w-100 h-y-container h-column__content h-column__v-align flex-basis-100 align-self-lg-start align-self-md-start align-self-start\">\n                <!---->\n                <div data-colibri-id=\"213-c11\" class=\"h-global-transition-all h-heading style-416 style-local-213-c11 position-relative h-element\">\n                  <!---->\n                  <div class=\"h-heading__outer style-416 style-local-213-c11\">\n                    <!---->\n                    <!---->\n                    <h5 class=\"\">Cumplimiento de regulaciones ambientales:<\/h5>\n                  <\/div>\n                <\/div>\n                <div data-colibri-id=\"213-c12\" class=\"h-text h-text-component style-417 style-local-213-c12 position-relative h-element\">\n                  <!---->\n                  <!---->\n                  <div class=\"\">\n                    <p>Con el aumento de la conciencia sobre el cambio clim\u00e1tico y la calidad del aire, los gobiernos y las entidades reguladoras est\u00e1n imponiendo normativas m\u00e1s rigurosas para las emisiones de los veh\u00edculos. El uso de urea automotriz permite\n                      a los conductores cumplir con estos est\u00e1ndares y evitar sanciones legales. Adem\u00e1s, contribuye a la preservaci\u00f3n del medio ambiente al disminuir la contaminaci\u00f3n del aire y los efectos negativos en la salud p\u00fablica.<\/p>\n                  <\/div>\n                <\/div>\n              <\/div>\n            <\/div>\n          <\/div>\n          <div class=\"h-column h-column-container d-flex h-col-lg-12 h-col-md-12 h-col-12 style-418-outer style-local-213-c13-outer\">\n            <div data-colibri-id=\"213-c13\" class=\"d-flex h-flex-basis h-column__inner h-px-lg-3 h-px-md-3 h-px-2 v-inner-lg-3 v-inner-md-3 v-inner-2 style-418 style-local-213-c13 position-relative\">\n              <!---->\n              <!---->\n              <div class=\"w-100 h-y-container h-column__content h-column__v-align flex-basis-100 align-self-lg-center align-self-md-center align-self-center\">\n                <!---->\n                <div data-colibri-id=\"213-c14\" class=\"h-global-transition-all h-heading style-416 style-local-213-c14 position-relative h-element\">\n                  <!---->\n                  <div class=\"h-heading__outer style-416 style-local-213-c14\">\n                    <!---->\n                    <!---->\n                    <h5 class=\"\">Mejora del rendimiento del motor:<\/h5>\n                  <\/div>\n                <\/div>\n                <div data-colibri-id=\"213-c15\" class=\"h-text h-text-component style-417 style-local-213-c15 position-relative h-element\">\n                  <!---->\n                  <!---->\n                  <div class=\"\">\n                    <p>La urea automotriz no solo tiene beneficios ambientales, sino que tambi\u00e9n puede mejorar el rendimiento del motor. Al reducir los niveles de NOx, se optimiza la eficiencia de la combusti\u00f3n y se evita el desgaste prematuro de los componentes\n                      del motor. Como resultado, los veh\u00edculos pueden experimentar una mayor potencia, mejor econom\u00eda de combustible y una vida \u00fatil m\u00e1s prolongada del sistema de escape.<\/p>\n                  <\/div>\n                <\/div>\n              <\/div>\n            <\/div>\n          <\/div>\n          <div class=\"h-column h-column-container d-flex h-col-lg-12 h-col-md-12 h-col-12 style-493-outer style-local-213-c16-outer\">\n            <div data-colibri-id=\"213-c16\" class=\"d-flex h-flex-basis h-column__inner h-px-lg-2 h-px-md-2 h-px-2 v-inner-lg-2 v-inner-md-2 v-inner-2 style-493 style-local-213-c16 position-relative\">\n              <!---->\n              <!---->\n              <div class=\"w-100 h-y-container h-column__content h-column__v-align flex-basis-100 align-self-lg-start align-self-md-start align-self-start\">\n                <!---->\n                <div data-colibri-id=\"213-c17\" class=\"h-global-transition-all h-heading style-494 style-local-213-c17 position-relative h-element\">\n                  <!---->\n                  <div class=\"h-heading__outer style-494 style-local-213-c17\">\n                    <!---->\n                    <!---->\n                    <h5 class=\"\">Mantenimiento simplificado:<\/h5>\n                  <\/div>\n                <\/div>\n                <div data-colibri-id=\"213-c18\" class=\"h-text h-text-component style-496 style-local-213-c18 position-relative h-element\">\n                  <!---->\n                  <!---->\n                  <div class=\"\">\n                    <p>El uso de urea automotriz tambi\u00e9n puede simplificar el mantenimiento del veh\u00edculo. Los sistemas SCR modernos est\u00e1n dise\u00f1ados para monitorear y regular autom\u00e1ticamente los niveles de urea, lo que significa que los conductores no tienen\n                      que preocuparse por recargarla con frecuencia. Adem\u00e1s, estos sistemas son duraderos y confiables, lo que reduce la necesidad de reparaciones costosas y tiempo de inactividad del veh\u00edculo.<\/p>\n                  <\/div>\n                <\/div>\n              <\/div>\n            <\/div>\n          <\/div>\n        <\/div>\n      <\/div>\n    <\/div>\n  <\/div>\n  <div data-colibri-component=\"section\" data-colibri-id=\"213-c19\" id=\"reusable-sections\" class=\"h-section h-section-global-spacing d-flex align-items-lg-center align-items-md-center align-items-center style-419 style-local-213-c19 position-relative\">\n    <div class=\"background-wrapper\">\n      <div class=\"background-layer background-layer-media-container-lg\">\n        <!---->\n        <div class=\"overlay-layer\">\n          <div class=\"overlay-image-layer\" style=\"background-image: linear-gradient(90deg, rgba(0, 0, 0, 0) 50%, rgb(101, 89, 242) 50%);\"><\/div>\n        <\/div>\n      <\/div>\n      <div class=\"background-layer background-layer-media-container-md\">\n        <!---->\n        <div class=\"overlay-layer\">\n          <div class=\"overlay-image-layer\" style=\"background-image: linear-gradient(90deg, rgba(0, 0, 0, 0) 50%, rgb(101, 89, 242) 50%);\"><\/div>\n        <\/div>\n      <\/div>\n      <div class=\"background-layer background-layer-media-container\">\n        <!---->\n        <div class=\"overlay-layer\">\n          <div class=\"overlay-image-layer\" style=\"background-color: rgb(30, 31, 34); opacity: 0.8;\"><\/div>\n        <\/div>\n      <\/div>\n    <\/div>\n    <!---->\n    <div class=\"h-section-grid-container h-section-boxed-container\">\n      <!---->\n      <div data-colibri-id=\"213-c20\" class=\"h-row-container gutters-row-lg-2 gutters-row-md-2 gutters-row-2 gutters-row-v-lg-2 gutters-row-v-md-2 gutters-row-v-2 style-420 style-local-213-c20 position-relative\">\n        <!---->\n        <div class=\"h-row justify-content-lg-center justify-content-md-center justify-content-center align-items-lg-stretch align-items-md-stretch align-items-stretch gutters-col-lg-2 gutters-col-md-2 gutters-col-2 gutters-col-v-lg-2 gutters-col-v-md-2 gutters-col-v-2\">\n          <!---->\n          <div class=\"h-column h-column-container d-flex h-col-lg-auto h-col-md-auto h-col-auto style-421-outer style-local-213-c21-outer h-hide-sm\">\n            <div data-colibri-id=\"213-c21\" class=\"d-flex h-flex-basis h-column__inner h-ui-empty-state-container h-px-lg-2 h-px-md-2 h-px-2 v-inner-lg-2 v-inner-md-2 v-inner-2 style-421 style-local-213-c21 h-hide-sm position-relative\">\n              <!---->\n              <!---->\n              <div class=\"w-100 h-y-container h-column__content h-column__v-align flex-basis-100\">\n                <!---->\n              <\/div>\n            <\/div>\n          <\/div>\n          <div class=\"h-column h-column-container d-flex h-col-lg-auto h-col-md-auto h-col-auto style-422-outer style-local-213-c22-outer\">\n            <div data-colibri-id=\"213-c22\" class=\"d-flex h-flex-basis h-column__inner h-px-lg-2 h-px-md-2 h-px-2 v-inner-lg-2 v-inner-md-2 v-inner-2 style-422 style-local-213-c22 position-relative\">\n              <!---->\n              <!---->\n              <div class=\"w-100 h-y-container h-column__content h-column__v-align flex-basis-100 align-self-lg-start align-self-md-start align-self-start\">\n                <!---->\n                <div data-colibri-id=\"213-c23\" class=\"h-global-transition-all h-heading style-423 style-local-213-c23 position-relative h-element\">\n                  <!---->\n                  <div class=\"h-heading__outer style-423 style-local-213-c23\">\n                    <!---->\n                    <!---->\n                    <h2 class=\"\">Cont\u00e1ctanos<\/h2>\n                  <\/div>\n                <\/div>\n                <div data-colibri-id=\"213-c24\" class=\"icon-list d-flex justify-content-lg-start justify-content-md-start justify-content-center style-424 style-local-213-c24 position-relative h-element\">\n                  <!---->\n                  <ul class=\"ul-list-icon vertical-on-desktop vertical-on-tablet vertical-on-mobile justify-content-lg-start justify-content-md-start justify-content-center\">\n                    <!---->\n                    <li class=\"list-item no-gutters\">\n                      <!---->\n                      <div class=\"list-container-divider d-flex justify-content-lg-start justify-content-md-start justify-content-center first-el-spacer\"><\/div>\n                      <a href=\"tel:8123986446\" h-use-smooth-scroll=\"true\" class=\"item-link no-gutters\">\n                        <div class=\"d-flex h-col no-gutters align-items-lg-center align-items-md-center align-items-center list-item-text-wrapper\">\n                          <div class=\"d-flex\"><span class=\"h-svg-icon style-424-icon style-local-213-c24-icon\"><!--Icon by Icons8 Line Awesome (https:\/\/icons8.com\/line-awesome)--><svg version=\"1.1\" xmlns=\"http:\/\/www.w3.org\/2000\/svg\" xmlns:xlink=\"http:\/\/www.w3.org\/1999\/xlink\" id=\"phone\" viewBox=\"0 0 512 545.5\"><path d=\"M138.5 80c8.375 0 16.656 3.024 23.5 8.5l1 .5.5.5 64 66 1.5 1.5-.5.5c14.174 13.212 13.968 35.53.5 49l-32 32c4.92 11.277 18.33 40.02 44.5 65 26.358 25.16 53.932 39.467 65.5 45l31.5-31.5.5-.5c13.28-13.28 36.72-13.28 50 0l.5 1 65 65c13.28 13.28 13.28 36.22 0 49.5L405 481.5l-.5.5-.5.5c-15.01 12.867-36.04 17.486-55.5 11h-.5c-37.55-14.693-113.51-48.01-181.5-116C98.773 309.773 64.052 234.84 50.5 196c-.035-.1.034-.4 0-.5-6.703-18.434-1.915-39.738 13.5-54l-.5-.5 50-51.5.5-.5 1-.5c6.844-5.476 15.125-8.5 23.5-8.5zm0 32c-1.172 0-2.344.575-3.5 1.5L86.5 163l-.5.5-.5.5c-5.674 4.863-7.44 14.493-5 21 12.12 34.847 45.2 106.7 108.5 170 62.784 62.784 133.224 93.76 169.5 108 9.34 3.113 17.11 1.833 24.5-4.5l49-49c2.72-2.72 2.72-1.78 0-4.5l-65.5-65.5c-2.72-2.72-2.28-2.72-5 0l-40 40-7.5 7.5-10-4.5s-43.83-18.552-81-52.5l-3.5-3c-38.595-36.84-57-86-57-86l-3.5-10 7.5-7 40-40c1.966-1.966.874-3.6 1-3.5l-.5-.5-1-1-64-65.5c-1.156-.925-2.328-1.5-3.5-1.5z\"><\/path><\/svg><\/span><\/div>\n                          <span class=\"list-text d-block\"><span>52 8123986446<\/span><\/span>\n                        <\/div>\n                      <\/a>\n                      <div class=\"list-container-divider d-flex justify-content-lg-start justify-content-md-start justify-content-center\">\n                        <!---->\n                      <\/div>\n                    <\/li>\n                    <li class=\"list-item no-gutters\">\n                      <!---->\n                      <!---->\n                      <a href=\"https:\/\/ecoroad.mitiendanube.com\/contacto\/\" h-use-smooth-scroll=\"true\" class=\"item-link no-gutters\">\n                        <div class=\"d-flex h-col no-gutters align-items-lg-center align-items-md-center align-items-center list-item-text-wrapper\">\n                          <div class=\"d-flex\"><span class=\"h-svg-icon style-424-icon style-local-213-c24-icon\"><!--Icon by Icons8 Line Awesome (https:\/\/icons8.com\/line-awesome)--><svg version=\"1.1\" xmlns=\"http:\/\/www.w3.org\/2000\/svg\" xmlns:xlink=\"http:\/\/www.w3.org\/1999\/xlink\" id=\"envelope\" viewBox=\"0 0 512 545.5\"><path d=\"M48 160h416v288H48V160zm69 32l139 92.5L395 192H117zm-37 14v210h352V206L265 317.5l-9 5.5-9-5.5z\"><\/path><\/svg><\/span><\/div>\n                          <span class=\"list-text d-block\"><span>ventas@salmardyf.com<\/span><\/span>\n                        <\/div>\n                      <\/a>\n                      <div class=\"list-container-divider d-flex justify-content-lg-start justify-content-md-start justify-content-center\">\n                        <!---->\n                      <\/div>\n                    <\/li>\n                    <li class=\"list-item no-gutters\">\n                      <!---->\n                      <!---->\n                      <a href=\"https:\/\/www.google.com.mx\/maps\/@25.7529055,-100.3047146,135m\/data=!3m1!1e3?entry=ttu&amp;g_ep=EgoyMDI0MTAwMi4xIKXMDSoASAFQAw%3D%3D\" h-use-smooth-scroll=\"true\" class=\"item-link no-gutters\">\n                        <div class=\"d-flex h-col no-gutters align-items-lg-center align-items-md-center align-items-center list-item-text-wrapper\">\n                          <div class=\"d-flex\"><span class=\"h-svg-icon style-424-icon style-local-213-c24-icon\"><!--Icon by Icons8 Line Awesome (https:\/\/icons8.com\/line-awesome)--><svg version=\"1.1\" xmlns=\"http:\/\/www.w3.org\/2000\/svg\" xmlns:xlink=\"http:\/\/www.w3.org\/1999\/xlink\" id=\"map-marker\" viewBox=\"0 0 512 545.5\"><path d=\"M256 80c79.336 0 144 64.664 144 144 0 22.5-9.116 48.313-21.5 76.5s-28.314 58.098-44.5 86C301.628 442.306 269 489 269 489l-13 19-13-19s-32.628-46.694-65-102.5c-16.186-27.902-32.116-57.813-44.5-86S112 246.5 112 224c0-79.336 64.664-144 144-144zm0 32c-62.04 0-112 49.96-112 112 0 12.844 6.884 37.06 18.5 63.5s27.686 55.738 43.5 83c25.155 43.364 40.74 66.3 50 80 9.26-13.7 24.845-36.636 50-80 15.815-27.262 31.884-56.56 43.5-83S368 236.844 368 224c0-62.04-49.96-112-112-112zm0 80c17.673 0 32 14.327 32 32s-14.327 32-32 32-32-14.327-32-32 14.327-32 32-32z\"><\/path><\/svg><\/span><\/div>\n                          <span class=\"list-text d-block\"><span>San Nicol\u00e1s de los Garza, N.L., MX<\/span><\/span>\n                        <\/div>\n                      <\/a>\n                      <div class=\"list-container-divider d-flex justify-content-lg-start justify-content-md-start justify-content-center\">\n                        <!---->\n                      <\/div>\n                    <\/li>\n                    <li class=\"list-item no-gutters\">\n                      <!---->\n                      <!---->\n                      <a href=\"https:\/\/wa.me\/5218123986446\" h-use-smooth-scroll=\"true\" class=\"item-link no-gutters\">\n                        <div class=\"d-flex h-col no-gutters align-items-lg-center align-items-md-center align-items-center list-item-text-wrapper\">\n                          <div class=\"d-flex\"><span class=\"h-svg-icon style-424-icon style-local-213-c24-icon\"><!--Icon by Font Awesome (https:\/\/fontawesome.com)-->\n    <svg version=\"1.1\" xmlns=\"http:\/\/www.w3.org\/2000\/svg\" xmlns:xlink=\"http:\/\/www.w3.org\/1999\/xlink\" id=\"whatsapp\" viewBox=\"0 0 1536 1896.0833\">\n      <path d=\"M985 974q13 0 97.5 44t89.5 53q2 5 2 15 0 33-17 76-16 39-71 65.5T984 1254q-57 0-190-62-98-45-170-118T476 889q-72-107-71-194v-8q3-91 74-158 24-22 52-22 6 0 18 1.5t19 1.5q19 0 26.5 6.5T610 544q8 20 33 88t25 75q0 21-34.5 57.5T599 811q0 7 5 15 34 73 102 137 56 53 151 101 12 7 22 7 15 0 54-48.5t52-48.5zm-203 530q127 0 243.5-50t200.5-134 134-200.5 50-243.5-50-243.5T1226 432t-200.5-134T782 248t-243.5 50T338 432 204 632.5 154 876q0 203 120 368l-79 233 242-77q158 104 345 104zm0-1382q153 0 292.5 60T1315 343t161 240.5 60 292.5-60 292.5-161 240.5-240.5 161-292.5 60q-195 0-365-94L0 1670l136-405Q28 1087 28 876q0-153 60-292.5T249 343t240.5-161T782 122z\"><\/path>\n    <\/svg><\/span><\/div> <span class=\"list-text d-block\"><span>WhatsApp<\/span><\/span>\n                        <\/div>\n                      <\/a>\n                      <div class=\"list-container-divider d-flex justify-content-lg-start justify-content-md-start justify-content-center\">\n                        <!---->\n                      <\/div>\n                    <\/li>\n                    <li class=\"list-item no-gutters\">\n                      <!---->\n                      <!---->\n                      <a href=\"https:\/\/ecoroad.mitiendanube.com\/\" h-use-smooth-scroll=\"true\" class=\"item-link no-gutters\">\n                        <div class=\"d-flex h-col no-gutters align-items-lg-center align-items-md-center align-items-center list-item-text-wrapper\">\n                          <div class=\"d-flex\"><span class=\"h-svg-icon style-424-icon style-local-213-c24-icon\"><!--Icon by Icons8 Line Awesome (https:\/\/icons8.com\/line-awesome)--><svg version=\"1.1\" xmlns=\"http:\/\/www.w3.org\/2000\/svg\" xmlns:xlink=\"http:\/\/www.w3.org\/1999\/xlink\" id=\"cart-plus\" viewBox=\"0 0 512 545.5\"><path d=\"M64 144h35.5c14.688 0 27.448 9.76 31 24l42 168H372l38.5-144H444l-41.5 152.5c-3.808 13.92-16.068 23.5-30.5 23.5H172.5c-14.688 0-27.432-9.76-31-24l-42-168H64c-8.832 0-16-7.168-16-16s7.168-16 16-16zm288 224c26.32 0 48 21.68 48 48s-21.68 48-48 48-48-21.68-48-48 21.68-48 48-48zm-144 0c26.32 0 48 21.68 48 48s-21.68 48-48 48-48-21.68-48-48 21.68-48 48-48zm48-224h32v48h48v32h-48v48h-32v-48h-48v-32h48v-48zm-48 256c-9.026 0-16 6.974-16 16s6.974 16 16 16 16-6.974 16-16-6.974-16-16-16zm144 0c-9.026 0-16 6.974-16 16s6.974 16 16 16 16-6.974 16-16-6.974-16-16-16z\"><\/path><\/svg><\/span><\/div>\n                          <span class=\"list-text d-block\"><span>Tienda<\/span><\/span>\n                        <\/div>\n                      <\/a>\n                      <div class=\"list-container-divider d-flex justify-content-lg-start justify-content-md-start justify-content-center\" style=\"display: none;\">\n                        <!---->\n                      <\/div>\n                      <div class=\"list-container-divider d-flex justify-content-lg-start justify-content-md-start justify-content-center last-el-spacer\"><\/div>\n                    <\/li>\n                  <\/ul>\n                <\/div>\n              <\/div>\n            <\/div>\n          <\/div>\n        <\/div>\n      <\/div>\n    <\/div>\n  <\/div>\n<\/div>","protected":false},"excerpt":{"rendered":"<p>introduccion En la b\u00fasqueda constante por reducir la huella ambiental de los veh\u00edculos di\u00e9sel, la urea automotriz ha surgido como una soluci\u00f3n innovadora y efectiva. Este compuesto qu\u00edmico, utilizado en los sistemas de reducci\u00f3n de emisiones, ofrece una serie de beneficios tanto para el medio ambiente como para el rendimiento del motor. En este art\u00edculo, [&hellip;]<\/p>\n","protected":false},"author":1,"featured_media":0,"parent":0,"menu_order":0,"comment_status":"closed","ping_status":"closed","template":"page-templates\/full-width-page.php","meta":{"om_disable_all_campaigns":false,"_monsterinsights_skip_tracking":false,"_monsterinsights_sitenote_active":false,"_monsterinsights_sitenote_note":"","_monsterinsights_sitenote_category":0},"aioseo_notices":[],"_links":{"self":[{"href":"https:\/\/salmardyf.com\/index.php\/wp-json\/wp\/v2\/pages\/213"}],"collection":[{"href":"https:\/\/salmardyf.com\/index.php\/wp-json\/wp\/v2\/pages"}],"about":[{"href":"https:\/\/salmardyf.com\/index.php\/wp-json\/wp\/v2\/types\/page"}],"author":[{"embeddable":true,"href":"https:\/\/salmardyf.com\/index.php\/wp-json\/wp\/v2\/users\/1"}],"replies":[{"embeddable":true,"href":"https:\/\/salmardyf.com\/index.php\/wp-json\/wp\/v2\/comments?post=213"}],"version-history":[{"count":20,"href":"https:\/\/salmardyf.com\/index.php\/wp-json\/wp\/v2\/pages\/213\/revisions"}],"predecessor-version":[{"id":1507,"href":"https:\/\/salmardyf.com\/index.php\/wp-json\/wp\/v2\/pages\/213\/revisions\/1507"}],"wp:attachment":[{"href":"https:\/\/salmardyf.com\/index.php\/wp-json\/wp\/v2\/media?parent=213"}],"curies":[{"name":"wp","href":"https:\/\/api.w.org\/{rel}","templated":true}]}}